greatest common factor of 250686234 and 9.
9
Calculate the highest common divisor of 22224 and 181064.
8
Calculate the greatest common factor of 420 and 22642340.
140
What is the greatest common factor of 21162050 and 591500?
4550
What is the greatest common divisor of 381253192 and 8?
8
Calculate the highest common divisor of 3210 and 141583256.
214
Calculate the greatest common factor of 656 and 3100707.
41
What is the highest common divisor of 465744 and 1368?
24
What is the highest common factor of 22 and 66302280?
22
What is the highest common divisor of 3073403 and 241792?
1889
What is the highest common factor of 643833840 and 1032?
1032
What is the greatest common divisor of 3214694 and 126?
14
What is the highest common divisor of 16 and 16689200?
16
Calculate the greatest common divisor of 214082953 and 1484.
371
Calculate the highest common divisor of 392 and 4999519.
49
Calculate the highest common factor of 165 and 6977040.
15
Calculate the greatest common divisor of 51 and 6369152.
17
What is the highest common factor of 24616175 and 970?
485
What is the greatest common divisor of 152330 and 21150?
10
What is the greatest common factor of 312 and 1587624?
24
Calculate the greatest common factor of 3167440 and 7618040.
11560
What is the highest common factor of 1714030 and 40?
10
Calculate the greatest common divisor of 235033887 and 1551.
1551
What is the highest common factor of 12694 and 761862145?
6347
What is the highest common divisor of 549955 and 8778?
133
What is the greatest common divisor of 11406764 and 684?
76
What is the highest common divisor of 15749 and 41?
1
What is the highest common factor of 25512127 and 41?
41
What is the greatest common factor of 517 and 1154884?
47
Calculate the greatest common divisor of 10879880 and 8.
8
What is the greatest common factor of 111554 and 58865?
193
What is the greatest common divisor of 436395 and 132540?
705
What is the greatest common factor of 303744 and 263424?
2688
What is the highest common divisor of 1520 and 22631680?
80
Calculate the highest common factor of 1050 and 185810100.
1050
Calculate the highest common factor of 45799935 and 15.
15
Calculate the highest common divisor of 1908 and 588492.
36
What is the highest common factor of 16569 and 9667?
7
Calculate the highest common factor of 715 and 87459515.
715
Calculate the highest common factor of 246 and 49601334.
6
Calculate the highest common divisor of 7719 and 401109.
93
What is the highest common divisor of 2057 and 69887?
17
What is the greatest common factor of 23888485 and 3035?
3035
Calculate the greatest common divisor of 114868911 and 2778.
1389
What is the greatest common divisor of 1027728 and 63284?
52
Calculate the highest common factor of 81958644 and 36.
36
What is the greatest common factor of 35000035 and 1010?
505
What is the greatest common divisor of 5179425996 and 12?
12
Calculate the highest common factor of 27532228 and 4.
4
Calculate the highest common divisor of 4529 and 149704154.
647
What is the highest common factor of 13552120 and 160?
40
What is the highest common factor of 20636 and 1317488?
268
What is the highest common divisor of 20 and 11846990?
10
Calculate the greatest common factor of 29880 and 1830160.
40
Calculate the highest common factor of 3223398 and 474.
6
Calculate the highest common factor of 207937 and 2430415.
269
Calculate the highest common divisor of 1456 and 93728.
16
Calculate the greatest common factor of 246264449 and 1172.
293
Calculate the highest common divisor of 26495342 and 982.
982
Calculate the highest common divisor of 101 and 192469337.
101
What is the greatest common factor of 2940069 and 424?
53
Calculate the greatest common divisor of 7760 and 18371315.
485
Calculate the greatest common factor of 1046700 and 1465650.
450
What is the highest common divisor of 19000 and 93875?
125
Calculate the highest common divisor of 92831830 and 3640.
910
What is the greatest common factor of 355400 and 7580?
20
What is the greatest common divisor of 90 and 120660885?
45
Calculate the greatest common divisor of 68153 and 248387.
323
Calculate the highest common divisor of 88411612 and 129.
43
Calculate the greatest common factor of 340023 and 12.
3
Calculate the highest common factor of 16103494 and 40172.
1826
What is the greatest common factor of 266 and 13275186?
38
What is the highest common divisor of 6598629 and 279?
279
Calculate the greatest common factor of 263755 and 4567645.
2465
Calculate the greatest common divisor of 7896 and 517016.
8
Calculate the greatest common divisor of 2127 and 363808461.
2127
What is the highest common factor of 23220309 and 21?
21
Calculate the highest common divisor of 77159360 and 64.
64
What is the greatest common divisor of 7526805 and 4290?
2145
Calculate the highest common divisor of 77111 and 1443243.
29
What is the highest common factor of 11 and 7025689?
11
What is the highest common factor of 47905403 and 17304?
721
Calculate the highest common divisor of 16333313 and 205861.
5021
Calculate the greatest common factor of 13316721 and 1045.
11
Calculate the greatest common factor of 687723 and 1863.
69
Calculate the highest common divisor of 358216368 and 144.
48
Calculate the greatest common divisor of 285753810 and 716.
358
What is the highest common divisor of 1641360 and 217?
7
Calculate the greatest common divisor of 19765125 and 60.
15
What is the greatest common factor of 8666 and 69874?
14
Calculate the greatest common divisor of 11454 and 718980.
138
What is the greatest common divisor of 155463 and 157696?
77
What is the greatest common factor of 33771276 and 262?
262
What is the highest common divisor of 34560 and 69400?
40
Calculate the highest common factor of 113676 and 4164.
12
What is the greatest common factor of 446 and 8449247?
223
What is the greatest common divisor of 1924 and 1621451?
481
Calculate the greatest common factor of 716800 and 20608.
896
What is the highest common factor of 24 and 227250060?
12
What is the greatest common factor of 11524 and 25735973?
2881
Calculate the greatest common factor of 35516 and 1040.
52
What is the highest common divisor of 105 and 21612297?
21
Calculate the highest common factor of 18567 and 1286959227.
6189
Calculate the highest common factor of 39733278 and 1014.
78
Calculate the highest common divisor of 78876 and 207.
9
What is the greatest common factor of 379379 and 388388?
1001
What is the highest common factor of 108 and 910817730?
54
What is the greatest common divisor of 75722793 and 359?
359
Calculate the greatest common factor of 615 and 324685765.
205
Calculate the greatest common factor of 14102323 and 435.
29
Calculate the greatest common divisor of 407662 and 104166.
1286
Calculate the greatest common factor of 20736 and 475160832.
2304
What is the highest common factor of 3869 and 167389?
73
Calculate the highest common divisor of 80101616 and 742.
14
What is the greatest common factor of 2448 and 13019824?
272
What is the highest common divisor of 233 and 99724?
233
What is the greatest common divisor of 54739 and 51127?
43
What is the greatest common factor of 1248 and 12091560?
312
What is the greatest common divisor of 42 and 2110738?
14
Calculate the highest common divisor of 508002 and 2580.
258
Calculate the greatest common factor of 14862650 and 220.
110
Calculate the highest common divisor of 654 and 29758962.
654
Calculate the highest common factor of 1006 and 184909339.
503
What is the greatest common factor of 24 and 40383732?
12
What is the highest common factor of 2812740 and 56653?
181
Calculate the highest common factor of 14061 and 517314.
327
What is the greatest common divisor of 4187 and 2536209?
53
Calculate the highest common factor of 22933 and 64894.
71
Calculate the greatest common divisor of 10807818 and 23324.
238
Calculate the greatest common factor of 6714 and 51883554.
2238
Calculate the highest common factor of 9134243 and 1114.
557
What is the greatest common divisor of 359686 and 9727?
71
Calculate the highest common divisor of 71 and 664963493.
71
What is the highest common divisor of 256 and 57899264?
256
What is the highest common divisor of 2751314 and 8398?
646
Calculate the highest comm